vative of 3*d**4/4 + d**3/6 + d. List the prime factors of l(-1).
2
Let v = 68 + -41. List the prime factors of v.
3
Suppose 4 = -18*s + 58. What are the prime factors of s?
3
Let d(o) = o**3 - 9*o**2 + 3. Let i be d(9). Let q be 6/(-5)*(-10)/i. Suppose q*b - 2*t - 47 = 3*t, 3*t = 5*b - 75. List the prime factors of b.
2, 3
List the prime factors of -5 + 4 + (0 - -56).
5, 11
Let m = 6 + -3. Suppose -2*w = -3*w - 2*a + 21, 5*w + m*a - 133 = 0. List the prime factors of w.
29
Let h(k) = -k**2 - 6*k. Let o be h(-6). Suppose -t + 30 + 3 = 0. Suppose -3*g = -o*g - t. What are the prime factors of g?
11
Suppose -2*p + 2*w = -p - 49, 5*p - 2*w = 269. Suppose -5*m + 0*m + p = 0. What are the prime factors of m?
11
Let s(k) = k**2 + 2*k + 1. Let i be s(-1). Let l be (-3 - -3 - -3) + -1. Suppose h - 4*h = -2*t - 31, i = -l*h - 3*t + 12. List the prime factors of h.
3
Let i be (-38)/((-2 - 0) + 1). Let u = -15 - -17. Suppose 0 = 4*j - 2*l - i, u*l - 9 = -l. List the prime factors of j.
11
Suppose 4*x - 2*h - 2 = -x, -4 = 4*x + 4*h. Suppose x*a + 2 = a. What are the prime factors of a?
2
Let v = 14 + -8. What are the prime factors of (-50)/(-3) + 2/v?
17
Suppose -1 = 2*d - 43. List the prime factors of d.
3, 7
Suppose 3 + 2 = -r. Let x(j) = 4*j + 0 - 2*j**2 + 1 - j - 2*j**2 - j**3. List the prime factors of x(r).
11
Suppose 149 = 5*h - 2*o, -o = 5*h - 2*o - 152. What are the prime factors of h?
31
Suppose 0 = 21*c - 26*c - 15. Let g(d) = -8*d + 1. What are the prime factors of g(c)?
5
Let m = -20 - -88. List the prime factors of m.
2, 17
Suppose -2 = -w - b, 0*b - 12 = 3*b. Suppose 5*v = -3*z + 71, -36 = -2*z - 3*v + 10. Let h = z - w. List the prime factors of h.
11
Suppose v = -5*o + 254, -3*o + 5*v - 3*v + 142 = 0. What are the prime factors of o?
2, 5
Let k = -36 + 80. What are the prime factors of k?
2, 11
Suppose 0 = -5*z + 2*z + n + 3, n - 3 = 0. What are the prime factors of -2*z*(-17)/4?
17
Let q = -1 + -1. What are the prime factors of q - ((-4)/(-1) + -38)?
2
Suppose 5*w - 4*w - 17 = -c, 4*w = 4*c - 60. What are the prime factors of c?
2
Let p be 1/2 - 22/4. Let a = p + -1. What are the prime factors of -2 - a - (1 - 3)?
2, 3
Suppose 0 = u + 1 - 6. Suppose 5*h = -v + 9, 36 = 4*v - u*h + h. List the prime factors of 70/6 + (-6)/v.
11
Suppose 0 = -4*f + 2*f. Suppose 5*h + 5*t - 50 = f, t - 6*t = 3*h - 32. Suppose -h = -2*b - 1. List the prime factors of b.
2
Let d(c) = 9*c**2 - 3*c + 3. Let a(l) = 17*l**2 - 7*l + 7. Let j(i) = -2*a(i) + 5*d(i). Let h = -1 - -2. What are the prime factors of j(h)?
11
Let f(q) = 6*q**2 + 3*q**3 - 4 - 2*q**3 - 3*q - 7*q**2. What are the prime factors of f(3)?
5
Suppose 3*c + 3*c = 60. What are the prime factors of c?
2, 5
Suppose 4*x - 118 = 2*x. Let j = -199 + x. List the prime factors of (-6)/(-27) + j/(-18).
2
Let z = 59 + -41. What are the prime factors of z?
2, 3
Let z be (-19)/(-7) - 6/(-21). Let a = -1 + z. Suppose 0*f = a*f - 6. List the prime factors of f.
3
Suppose -a = -3*b + 70, 2*a = 4*b - 92 - 0. Suppose -2*r + b = -r. Suppose -q = 3*q - r. List the prime factors of q.
2, 3
Let w = 5 - 2. Suppose 5*z = w*z. Suppose -6*m - 5*p + 50 = -m, z = 2*m - 2*p - 12. What are the prime factors of m?
2
Let a(r) = -2*r**2 - 4*r - 3. Let b be a(-3). What are the prime factors of 12/(1 + 3) - b?
2, 3
Suppose -3*k + 39 = 3. List the prime factors of k.
2, 3
Suppose 4*l = 7 + 125. Let v = l + -17. What are the prime factors of v?
2
Suppose 5*f = -2*l - 69, 5*f + 5 = 4*f + 4*l. Let v(p) = -p**3 + 4*p - 2*p**2 + 3*p**2 - 5*p - 14*p**2 - 10. What are the prime factors of v(f)?
3
Let o(y) = y**3 + 5*y**2 - 2*y + 1. Suppose s = -s + 4*r + 22, -2*r + 9 = 3*s. Let v be -3 + s - (-14)/(-2). What are the prime factors of o(v)?
11
Suppose x + 3*w - 31 = 0, 5*w = -3*x - x + 145. Let u = -27 + x. Suppose -4*f = -u - 23. List the prime factors of f.
3
Let l = -19 - -17. What are the prime factors of ((-5)/(-10))/(l/(-88))?
2, 11
Let o(k) be the first derivative of -k**4/4 + 5*k**3/3 + 5*k**2/2 + 3*k + 3. List the prime factors of o(5).
2, 7
Let b = 58 + 54. Suppose 0 = 4*s + 4*j - b, 4*j - 22 = s - 2*s. What are the prime factors of s?
2, 3, 5
Suppose -5*g - 4*r + 197 = 0, -2*r - 156 = -4*g - 6*r. What are the prime factors of g?
41
Let z be (1 + -1)/(-6 + 4). Let w = 25 - z. What are the prime factors of w?
5
Let v be (-2)/4 - 51/(-6). Let c(i) = i**3 + 6*i**2 - 9*i + 1. Let p be c(-7). Let g = p - v. What are the prime factors of g?
7
Let i(j) = -2*j - 2 + 5 + 3*j**2 + 2*j**2. Let l be i(4). What are the prime factors of l/27 + (-6)/(-27)?
3
Let n(q) = -18*q. Let i be n(-1). List the prime factors of -2 + 3 + i + 0.
19
What are the prime factors of 336/8*18/21?
2, 3
Suppose -h - 5*j = -52, h = -2*j + 13 + 27. What are the prime factors of h?
2
Suppose -4*n - 175 - 21 = -r, -r - 3*n + 168 = 0. What are the prime factors of r?
2, 3, 5
Let w be (-2)/2*0/5. Suppose w = y, -4*y = 4*h - 0*y - 24. List the prime factors of h.
2, 3
Let a(y) = -2*y - 5. Suppose 5*i - 3 = 2*u, -10 + 5 = 5*i. Let x be a(u). Suppose v - 5*l - 18 = -l, -2*v + 26 = -x*l. List the prime factors of v.
2, 5
Let x = -4 + 7. Let h be (x*2)/(2/16). Suppose -3*n = 2*l - l - 36, 4*l - h = -4*n. List the prime factors of n.
2, 3
Let b be 194/6 + (-2)/6. Suppose c + 4*j = b, 0*c - 37 = -c - 5*j. What are the prime factors of c?
2, 3
Suppose -c = 0, -s = -0*s - 3*c + 7. Let t(q) = -q**3 - 8*q**2 - 5*q + 10. Let p be t(s). Let x = p + 8. List the prime factors of x.
2
Suppose 2685 = 6*b + 555. What are the prime factors of b?
5, 71
Let y = 32 + -21. List the prime factors of y.
11
Let j(v) = -v**2 + v + 1. Let y be j(-3). Let o(q) = -q**2 - 12*q + 8. List the prime factors of o(y).
19
Suppose 0*u = u. Suppose u = -2*j - 3*j + 75. What are the prime factors of j?
3, 5
Let y(t) = -t**2 + 4*t + 5. Let z be y(4). Suppose 86 = z*r + 16. Suppose r = 3*a - 19. What are the prime factors of a?
11
Let c = 79 - 56. What are the prime factors of c?
23
Let i be (-4)/((-5)/(5/2)). Suppose -2*u + 2*y = -12, -1 = 3*u + i*y + 1. What are the prime factors of u?
2
Let f = 130 - 85. What are the prime factors of f?
3, 5
Suppose 0*t = t - 3. Suppose d - t*d + 10 = 0. Suppose -x = 4*h - 19, 4*x + d*h - 65 = -x. List the prime factors of x.
11
Suppose 5*v - 10 = -5*z, 5*z - 3*v - 42 = -0*v. Suppose t - 86 = -5*m, -5*m - z*t + 2*t + 74 = 0. What are the prime factors of m?
2, 3
Let v = 1 - -5. What are the prime factors of v?
2, 3
Suppose -8*i - 4*x = -3*i - 34, i = x + 14. Let d = i + 3. What are the prime factors of d?
13
Let a be (0/(-2) + -7)/(-1). Let x = a + -8. Let c = 4 + x. What are the prime factors of c?
3
Let m = 25 - 7. Let q = 36 - m. What are the prime factors of q?
2, 3
Let v be ((-6)/(-15))/((-2)/(-20)). Suppose 3*t + i - 87 = -2*i, t + v*i - 35 = 0. List the prime factors of t.
3
Suppose 6*p - 3*p = 0. Suppose -48 = -3*m - p*m. List the prime factors of m.
2
Suppose 2*m - 18 = -0*m. What are the prime factors of m?
3
Let d(k) = k**2 - k + 17. Let i be d(0). Suppose 0 = -4*x + 3*x - i. Let g = 29 + x. What are the prime factors of g?
2, 3
Suppose 4*r - 2*r - 6 = 0. Let g = 2 - r. Let p = g + 4. List the prime factors of p.
3
Suppose 0*c - 3*q + 37 = 2*c, 0 = 5*c + 2*q - 87. List the prime factors of c.
17
Suppose 5*r = 10, 293 = 6*f - f + 4*r. Let l = 87 - f. What are the prime factors of l?
2, 3, 5
Let c be 0 - -30 - (2 + -4). Suppose 0 = -0*s - 5*s - 5*i + 65, 2*s - i = c. What are the prime factors of s?
3, 5
Let r(a) = 2*a - 17. What are the prime factors of r(12)?
7
Suppose 66 + 170 = 4*h. Suppose -4*p - 3*y + h = 0, -3*p + 31 = -3*y - 29. List the prime factors of p.
17
Let o(b) = b**2 + 5*b + 6. Let c be o(-5). Suppose 0 = -2*r + c. List the prime factors of r.
3
Suppose 12*g = 7*g. Let z = g - -3. What are the prime factors of z?
3
Let q be (-3)/5*(-5 + 0). Suppose -6*t + 3*u = -t - 221, -5*u = q*t - 153. List the prime factors of t.
2, 23
Let c be ((-6)/(-8))/(1/(-4)). Let y(z) = -z**3 + 4*z**2 + 3*z - 5. Let h(f) = -f**3 - f**2 - 1. Let s(j) = -2*h(j) + y(j). List the prime factors of s(c).
3, 5
Let b(p) = 15*p**2 + 7*p + 9. List the prime factors of b(-5).
349
Let s = 10 + -6. Suppose 0 = s*v - v - 15. What are the prime factors of v?
5
Let m = -3 - -6. Suppose